)/((-2)/(-30)). Suppose -2*u + 12 = -3*k, 0 = -2*u + q*k - 4*k + 12. Give w(u).
0
Let p(r) = 2*r - 1. Let q be p(1). Let x(s) = -s**3 - 9*s**2 + s + 11. Let t be x(-9). Let y(c) = -3 + 0*c + 4*c**t - c + 9 - 5. Give y(q).
4
Let a = -58 - -61. Suppose a*b - 6*b = -18. Let p(c) = c + 8. What is p(b)?
14
Let f(o) = -o**2 + 5*o - 4. Suppose 5*m = -5*k + 3*m + 33, 0 = 3*m - 12. Let a be f(k). Let w(h) = -h - h**2 + 0*h**2 - 5 - 5*h. Give w(a).
3
Suppose 21*c = 172 - 46. Let m(k) = 4*k - 5. Give m(c).
19
Let r be 28/(9 - 2) + 2. Let z(y) = y - 6. What is z(r)?
0
Let v(b) be the first derivative of b**3/3 + 5*b**2 + 9*b + 166. Calculate v(-7).
-12
Let d(o) = o**3 - 14*o**2 - 2*o + 14. Let c be d(14). Let y be (4/(-14))/(2/c). Suppose 0 = y*j + 8 - 10. Let f(s) = 8*s + 1. Determine f(j).
9
Let x(u) = u. Let i be (-12)/2*(-1 + 2/3). Suppose -4*n = 4*p + 24, 2*p + i*n - n + 10 = 0. Calculate x(p).
-4
Let q(h) = h + 12. Let m be q(-16). Suppose -2*w = 3*w + 5. Let a(u) = u**3 + 6*u**2 - 6*u. Let f(c) = c**2 - c - 1. Let l(g) = w*a(g) + 3*f(g). Determine l(m).
1
Let l(z) be the second derivative of -3*z**2 + 0 - 9*z - 1/6*z**3. Let d(o) = 4*o + 23. Let p(b) = 6*d(b) + 22*l(b). Determine p(-6).
-6
Let j(f) be the second derivative of -f**5/20 - f**4/6 - f**3/2 + 3*f**2/2 - 68*f. Give j(-3).
21
Let s(k) = -k**3 - 3*k**3 - 2*k**3 + 0*k**3 + k. Suppose 0 = 7*x + 16 - 9. Determine s(x).
5
Let o(x) = x**3 + x**2 - 1. Let g = -13 - -18. Suppose 20 = -0*s + g*s. Let j be 4 + (s - 4) - 3. Calculate o(j).
1
Let o(f) = 7*f - 3. Let y(z) = -9*z + 4. Let t(d) = 3*o(d) + 2*y(d). Determine t(-2).
-7
Suppose 16*u = 28*u + 84. Let g(d) = -d**2 - 6*d + 3. What is g(u)?
-4
Let i(r) be the third derivative of -r**5/60 + r**4/24 - 5*r**3/6 - 183*r**2. Give i(0).
-5
Let h(u) = -1 + 4 + 144163*u**2 - 144178*u**2 - 5*u. What is h(2)?
-67
Suppose -9*j + 6*j = 2*j. Let u(m) = -5*m + 6 + m + 3*m. Determine u(j).
6
Let d(w) = -w**3 - 9*w**2 + 2*w + 8. Let q(v) = 7*v + 131. Let l be q(-20). What is d(l)?
-10
Let p = 427 - 434. Let k(o) = -o**2 - 9*o + 5. Give k(p).
19
Let t(l) = -l**2 - 286 + 288 - 3*l + l. Calculate t(-6).
-22
Let r(h) = -31*h - 44. Let g(l) = -61*l - 74. Let b(x) = 3*g(x) - 5*r(x). Give b(1).
-30
Suppose 0 = 12*h - 14*h - 22. Let b = 16 + h. Suppose 5*g + 4 = b*m + 9, -2*m - g - 14 = 0. Let o(j) = -j**3 - 6*j**2 - 3*j + 5. Determine o(m).
-5
Let n(v) = -7*v**2 - 2*v**2 + 2*v**2 - v**3 - 5*v + 3. Suppose 3*p + 32 = -w - 3*w, 27 = -w + 4*p. Let a be 132/w*(-2)/(-4). What is n(a)?
-3
Let k(p) = -2*p + 91. Let h(z) = -4*z + 166. Let v(x) = 6*h(x) - 11*k(x). What is v(6)?
-17
Let f be (-1 - 22/8)*(-16)/6. Suppose -5*c - f = -5. Let g(z) = 10*z**3 + z. Calculate g(c).
-11
Let a(p) be the first derivative of -p**3/3 - 2*p**2 - 4*p - 1. Let u = 11 + -11. Suppose u*b - 21 = 4*i + b, 5*i - b + 24 = 0. Determine a(i).
-9
Let z(n) = -3*n + 14. Let j(p) = 3*p - 15. Let m(f) = -7*j(f) - 6*z(f). Let d be m(9). Let w(k) = k**2 + 4*k - 1. What is w(d)?
11
Let a(j) = -3*j**2 - 5*j - 7. Let o(w) = -w**2 - w + 1. Let f(i) = a(i) - 4*o(i). Calculate f(0).
-11
Let v(q) = -q**2 + 22*q - 37. Suppose 37*m - 114 = 626. What is v(m)?
3
Let w(m) be the first derivative of m**6/120 + 7*m**5/60 - 3*m**4/8 - m**3 + 12*m**2 + 1. Let s(q) be the second derivative of w(q). Give s(-8).
2
Let k(v) = -v**2 + 3*v + 6. Let q be k(4). Suppose -57 = -q*g - 3*p, 2*g - 97 + 16 = 5*p. Let t = g - 34. Let o(b) = -5*b**2. Give o(t).
-5
Let j = -201 - -206. Let k(y) be the second derivative of 2*y + 9/2*y**2 + 0 + y**3 + 7/12*y**4 + 1/20*y**j. Calculate k(-6).
9
Let i(f) = f**2 + 2*f + 1. Let o(t) = t**2 + t - 1. Let z be o(0). Let n = z + 6. Let m be 5/(-2)*6/n. Give i(m).
4
Let z(w) be the first derivative of -1/4*w**4 + 0*w + 2*w**2 - 5 - 1/60*w**5 - w**3. Let v(d) be the second derivative of z(d). Calculate v(-5).
-1
Let f(w) = w + 7. Suppose 0 = -6*u + 8*u. Suppose -p = -u*g + 2*g, 6 = p + 4*g. Give f(p).
1
Let l(q) be the third derivative of 1/120*q**6 + 1/12*q**5 - 1/24*q**4 + 0 - 1/2*q**3 + 0*q - 12*q**2. Give l(-4).
17
Suppose o = -3*n - 7, 0*o - 2*n - 3 = -o. Let f be (1 + -5)*o/(-2). Let a(u) = 26*u**3 - 24*u**3 + 0*u - 2*u - 1 + 2*u**2. Determine a(f).
-5
Suppose 2*x + w + 26 = -3*w, -x + 3*w + 7 = 0. Let o(u) = 3 + 5*u + u**2 + 9 - 4 - 1. Give o(x).
7
Let h = 152 + -112. Let o(u) = -h + 42 + u + 5*u**2 + u + u**3 - u. Calculate o(-3).
17
Let y(m) = -3*m - m - 1 - 1. Let i be (2 - ((-27)/(-3) - 9))/(-1). Calculate y(i).
6
Let j be -380*(1 + -4 + 2). Let m(v) = -10*v + 4*v**2 + 384 - j - 3*v**2. Determine m(5).
-21
Let r(y) = -y**2 - 4*y + 2. Suppose 35 = 3*s - j, 36 = 5*s - 4*j - 27. Suppose -3*g - 4 = s, 2*l + 13 = -g. What is r(l)?
2
Let b(j) = -5*j**2 + 5*j + 2. Let f(n) = -n**2 + 1. Let p(l) = 3*l**2 - 5*l. Let c(z) = -f(z) + p(z). Let u(g) = 3*b(g) + 4*c(g). Give u(5).
2
Let u(i) = -6*i + 1. Let d(s) = -7*s + 2. Let x(z) = -2*d(z) + 3*u(z). Let c be (-2)/(1 + 3)*-6. Let g be 3/(-9)*(c - -3). Calculate x(g).
7
Let k = -186 - -192. Let s(i) = 4*i - 6. Calculate s(k).
18
Let v(s) = -17*s**2 + 10*s**2 - 4 + 9*s**2 + 7*s + 4*s**2 - 7*s**2. Let h(z) = z**2 - 3. Let c be h(3). Give v(c).
2
Let n(b) = b - 14. Let h(q) = -2*q + 31. Let t(p) = -3*h(p) - 7*n(p). Determine t(9).
-4
Let s(m) = 33*m + 43. Let a(o) = -27*o - 43. Let b(l) = -6*a(l) - 5*s(l). Give b(15).
-2
Let m = 54 + -45. Let y(x) = -4*x**2 - 3*x + x**3 - 3*x - 2*x + m*x - 5. What is y(4)?
-1
Let h(a) = 5*a**2 - 34*a + 11. Let d(w) = -6*w**2 + 35*w - 14. Let c(k) = -3*d(k) - 4*h(k). Give c(15).
13
Let i(w) be the second derivative of w**4/12 - 4*w**3/3 + 4*w**2 + w + 51. Give i(7).
1
Suppose 11*i - 57 = -2. Let o(x) be the first derivative of 3/2*x**2 + i - 4*x. Give o(3).
5
Let l(y) = -140*y + 2808. Let v be l(20). Let f(o) = 4*o + 4*o + 2*o - 12 - o**2. Calculate f(v).
4
Suppose -3*u + 20 = u. Let r(c) be the second derivative of c**5/20 - 7*c**4/12 + 4*c**3/3 - 2*c**2 + 845*c. Give r(u).
-14
Suppose 0 = -3*f + f + 6. Let c(i) = f*i + i**2 + i - 5*i - 2 + 0*i. Let x(n) = n - 2. Let u be x(4). Give c(u).
0
Let v(g) = -5*g**3 - 10*g**2 + 3*g + 2. Let m(j) = 11*j**3 + 22*j**2 - 7*j - 4. Let x(u) = 6*m(u) + 13*v(u). Determine x(2).
12
Let c = -64 - -37. Let q = -30 - c. Let y(p) = -p**2 - 2*p - 1. What is y(q)?
-4
Let p be 3 + 2 + 1 + -4. Suppose -p*x - 2*x + 4 = 0. Let o(b) = 0*b + b + 0*b**2 - b**3 + b**2. Calculate o(x).
1
Let c(s) = 4*s**2 - 4*s - 1. Let l(f) = 4*f**2 - 4*f. Let t be (1/2)/((-3)/(-12)). Let w(a) = t*c(a) - 3*l(a). What is w(2)?
-10
Suppose -g - 17 = -12. Let b(h) = 1 - 3 + 9 + 3*h. What is b(g)?
-8
Let z(r) = 23*r - 69. Let b(w) = 13*w - 37. Let c(m) = -7*b(m) + 4*z(m). Give c(17).
0
Let j(n) = -2*n**2 + n + 2. Let t(f) = -12*f**3 + 12*f**2 - 6*f - 10. Let z(i) = -6*j(i) - t(i). Give z(1).
10
Let h(z) = 2*z**3 - 4*z**2 + 4*z - 2. Suppose -15 = -16*n + 17. What is h(n)?
6
Let d be 8/(2 - 4) + 0. Let k be (-3)/(3 + 15/d). Let t(n) = -8 + 6*n - 5*n**2 - 3*n + 4*n**2 + k*n. Give t(6).
-2
Suppose -31*i + 27*i + 8 = 0. Let s(c) = -c - c + i*c - c + 2. Let y be (-3*(-5)/(-3))/1. What is s(y)?
7
Let y(c) be the first derivative of -1/2*c**2 + 12*c + 23. Give y(7).
5
Let o = -263 + 266. Let l(i) be the second derivative of 0 + 7*i + 1/3*i**o + 0*i**2. Give l(2).
4
Let o(l) = l - 1. Suppose 3*h + 118 - 25 = 0. Let k = -27 - h. Let w(a) = a - 2. Let m(x) = k*w(x) - 5*o(x). Calculate m(0).
-3
Let b(g) be the first derivative of -g**4/4 - 3*g**3 + 11*g**2/2 + 11*g - 149. What is b(-10)?
1
Let v(w) = 2*w**3 - 20*w**2 + 3*w + 5. Let m(o) = o**3 + o - 1. Let k(z) = -3*m(z) + v(z). Calculate k(-20).
8
Let g be 20/(-15)*(-75)/10. Let y(a) = 3*a. Determine y(g).
30
Let z be (0 - 2) + (-14)/(-4 - -2). Suppose 0 = -z*t - 20 + 5. Let n(r) = r**3 + 4*r**2 + 3*r + 2. Determine n(t).
2
Let o(i) be the first derivative of i**2 - 3*i + 137. What is o(-10)?
-23
Let d = -358 - -353. Let k(w) = -2*w - 5. What is k(d)?
5
Let f(l) = -l**3 + 3*l**2 + 4*l + 5. Let p be (-3)/(81/(-183)) - 16/(-72). Suppose 4*j - p = 9. Determine f(j).
5
Let t(o) be the second derivative of -1/20*o**5 + 5/2*o**2 - 1/6*o**3 + 0 - 24*o + 0*o**4. Determine t(0).
5
Let t(k) be the third derivative of 5*k**4/12 + 5*k**3/3 + 4*k**2 - 13. Determine t(-2).
-10
Let d(h) be the f